{"id":368,"date":"2025-03-12T21:53:36","date_gmt":"2025-03-12T20:53:36","guid":{"rendered":"https:\/\/www.myfengshuihealing.com\/?page_id=368"},"modified":"2025-07-24T19:31:43","modified_gmt":"2025-07-24T17:31:43","slug":"nettoyage-energetique-des-personnes","status":"publish","type":"page","link":"https:\/\/www.myfengshuihealing.com\/index.php\/nettoyage-energetique-des-personnes\/","title":{"rendered":"NETTOYAGE ENERGETIQUE DES PERSONNES"},"content":{"rendered":"\t\t<div data-elementor-type=\"wp-page\" data-elementor-id=\"368\" class=\"elementor elementor-368\">\n\t\t\t\t<div class=\"elementor-element elementor-element-c338d72 e-con-full e-flex e-con e-parent\" data-id=\"c338d72\" data-element_type=\"container\" data-e-type=\"container\">\n\t\t\t\t<div class=\"elementor-element elementor-element-03e7ef8 elementor-widget__width-initial elementor-widget elementor-widget-text-editor\" data-id=\"03e7ef8\" data-element_type=\"widget\" data-e-type=\"widget\" data-widget_type=\"text-editor.default\">\n\t\t\t\t<div class=\"elementor-widget-container\">\n\t\t\t\t\t\t\t\t\t<h5>L&rsquo;ACCOMPAGNEMENT EN FENG SHUI ENERGETIQUE &amp; EMOTIONNEL\u00a0<\/h5><p>Ce type d&rsquo;accompagnement se rapproche de l&rsquo;accompagnement en lib\u00e9ration \u00e9motionnelle mais il inclut tout l&rsquo;aspect de lib\u00e9ration \u00e9nerg\u00e9tique de la personne. Ce dernier se fait \u00e0 travers le nettoyage \u00e9nerg\u00e9tique.<\/p><p>Tout comme le Feng shui de l&rsquo;habitat, la personne va travailler sur une probl\u00e9matique en lien avec un des 9 domaines de vie (Sant\u00e9\/famille &#8211; Abondance &#8211; R\u00e9putation\/Renomm\u00e9e &#8211; Amour\/Relations &#8211; Connaissances &#8211; Carri\u00e8re\/Destin\u00e9e &#8211; Enfants\/Cr\u00e9ativit\u00e9 &#8211; \u00c9quilibre\/Harmonie &#8211; Enfants\/Cr\u00e9ativit\u00e9 &#8211; Voyages).<\/p><p>Par exemple, elle peut choisir de travailler sur une probl\u00e9matique li\u00e9e au domaine professionnel.<\/p><p>Tout le travail d&rsquo;investigation, de nettoyage et de lib\u00e9ration sera ax\u00e9 sur ce domaine en particulier (blocages \u00e9nerg\u00e9tiques (douleurs physiques) ou \u00e9motionnels (croyances ou pens\u00e9es limitantes, peurs li\u00e9es au travail&#8230;).<\/p><h5><strong>Qu&rsquo;est-ce-que le nettoyage \u00e9nerg\u00e9tique des personnes ?<\/strong><\/h5><p>Dans notre quotidien, nous sommes constamment expos\u00e9s \u00e0 des influences ext\u00e9rieures \u2014 \u00e9motions n\u00e9gatives, stress, tensions, conflits \u2014 qui laissent des traces invisibles dans notre champ \u00e9nerg\u00e9tique. Ces d\u00e9s\u00e9quilibres peuvent entra\u00eener fatigue, manque de clart\u00e9 mentale, blocages \u00e9motionnels et parfois m\u00eame des douleurs physiques inexpliqu\u00e9es.<\/p><p>Les nettoyages \u00e9nerg\u00e9tiques agissent comme un grand souffle de renouveau. En lib\u00e9rant les \u00e9nergies stagnantes ou discordantes, ils permettent \u00e0 la personne de retrouver son alignement naturel, une sensation de l\u00e9g\u00e8ret\u00e9 et de clart\u00e9. C\u2019est un processus doux, respectueux, qui agit en profondeur pour restaurer le bien-\u00eatre global.<\/p><p><strong>Les bienfaits concrets<\/strong> :<\/p><ul><li>Reconnexion \u00e0 soi, regain de vitalit\u00e9<\/li><li>Apaisement du stress et des \u00e9motions perturbatrices<\/li><li>Am\u00e9lioration de la qualit\u00e9 du sommeil<\/li><li>Lib\u00e9ration de sch\u00e9mas r\u00e9p\u00e9titifs ou bloquants<\/li><li>Sentiment de paix, d\u2019\u00e9quilibre et de pr\u00e9sence<\/li><\/ul><p>Le nettoyage \u00e9nerg\u00e9tique n\u2019est pas simplement un soin : c\u2019est une invitation \u00e0 prendre soin de son \u00eatre dans sa globalit\u00e9, \u00e0 \u00e9couter ce qui vibre en nous, et \u00e0 favoriser un \u00e9panouissement durable.<\/p><p>Dans le cadre de mes accompagnements, je proc\u00e8de dans un premier temps \u00e0 la <strong>lib\u00e9ration\u00a0 \u00e9nerg\u00e9tique, puis \u00e0 la lib\u00e9ration \u00e9motionnelle.<\/strong> Cette symbiose particuli\u00e8re consiste \u00e0 identifier l&rsquo;impact du poids des blocages \u00e9nerg\u00e9tiques et \u00e9motionnels qui vous emp\u00eachent de vous sentir bien dans votre corps et votre \u00eatre, mais aussi d&rsquo;\u00eatre heureux(se) et \u00e9panoui(e), d&rsquo;avoir confiance en vous.<\/p><p>Mon r\u00f4le est d&rsquo;aider les personnes \u00e0 retrouver une certaine clart\u00e9 mentale, un <strong>\u00e9quilibre \u00e9motionnel et un r\u00e9el \u00e9panouissement personnel en proc\u00e9dant \u00e0 un nettoyage \u00e9nerg\u00e9tique.<\/strong><\/p><p>Avez-vous d\u00e9j\u00e0 eu le sentiment d&rsquo;\u00eatre frein\u00e9(e) dans votre \u00e9lan, de vous cogner souvent, d&rsquo;\u00eatre tr\u00e8s maladroit(e), de manquer d&rsquo;ancrage ?<\/p><p>Peut-\u00eatre avez-vous le sentiment d&rsquo;\u00eatre &lsquo;\u00e0 c\u00f4t\u00e9 de vos pompes&rsquo; ou encore, de ne pas vous reconna\u00eetre dans certains de vos agissements, dans votre mani\u00e8re de r\u00e9agir, d&rsquo;avoir l&rsquo;impression d&rsquo;\u00eatre anxieux ou stress\u00e9e sans en conna\u00eetre la raison ou encore d&rsquo;avoir l&rsquo;impression de ne pas avoir de &lsquo;chance&rsquo; et de r\u00e9p\u00e9ter les m\u00eames erreurs malgr\u00e9 vous ?<\/p><p>Il est possible qu&rsquo;un nettoyage \u00e9nerg\u00e9tique soit n\u00e9cessaire.<\/p><p>Il peut s&rsquo;agir d&rsquo;une purification de votre aura, de l&rsquo;harmonisation de vos chakras, de reboucher des failles et\/ou trous dans votre aura, de d\u00e9gager des entit\u00e9s n\u00e9gatives, de vous d\u00e9barrasser de vos influences n\u00e9gatives, de certains conditionnements qui vous emp\u00eachent d&rsquo;avancer, d&rsquo;\u00e9nergies de volont\u00e9,<\/p><p>Je nettoie et transmute tous les freins \u00e9motionnels et \u00e9nerg\u00e9tiques afin de permettre \u00e0 la personne de reprendre son pouvoir Cr\u00e9ateur et de retrouver sa libert\u00e9 int\u00e9rieure et laisser enfin s&rsquo;exprimer sa confiance en elle, son estime de soi.<\/p><h5><span style=\"text-decoration: underline;\"><strong>LIBERATION ENERGETIQUE REALISEE SUR LES PERSONNES<\/strong><\/span><\/h5><p><span style=\"text-decoration: underline;\"><em><strong>LES BILANS ENERGETIQUES<\/strong><\/em><\/span> :<\/p><p>Je r\u00e9alise des bilans \u00e9nerg\u00e9tiques de base et des bilans\/nettoyage et harmonisation des 7 chakras<\/p><p>Ces interventions sont r\u00e9alis\u00e9es \u00e0 l&rsquo;aide de la <em><strong>radiesth\u00e9sie<\/strong><\/em> et \u00e0 partir de protocoles bien d\u00e9finis qui me sont propres. <br \/>Chacune de mes interventions est pr\u00e9c\u00e9d\u00e9e d&rsquo;un entretien t\u00e9l\u00e9phonique.<\/p><p><strong>LE BILAN ENERGETIQUE DE BASE<\/strong> :<\/p><p>Je proc\u00e8de \u00e0 une \u00e9tude\u00a0 de mesures de taux vibratoire, de vitalit\u00e9, de positivit\u00e9, mesure des taux d&rsquo;\u00e9nergie pr\u00e9sents dans vos diff\u00e9rents corps \u00e9nerg\u00e9tiques, mesure de votre polarit\u00e9&#8230;). Je vous envoie le bilan par mail si vous le souhaitez.<\/p><p>Ce bilan ne constitue en aucun cas un soin !<\/p><p><strong>BILAN DES 7 CHAKRAS\/AURA\/NETTOYAGE &amp; HARMONISATION<\/strong><\/p><p>Je proc\u00e8de \u00e0 la mesure de l&rsquo;\u00e9nergie vitale, de la fr\u00e9quence vibratoire, au taux d&rsquo;\u00e9nergie dans les corps subtils. Je poursuis par le bilan des 7 chakras et de l&rsquo;aura et des corps subtils avant de proc\u00e9der au nettoyage, au r\u00e9\u00e9quilibrage et \u00e0 l&rsquo;harmonisation.<\/p><p>** Envoi d&rsquo;un compte-rendu sous 1 \u00e0 2 semaines**<\/p><p><img decoding=\"async\" class=\"size-thumbnail wp-image-545 aligncenter\" src=\"https:\/\/www.myfengshuihealing.com\/wp-content\/uploads\/2025\/02\/fleur-de-vie-chakras-150x150.webp\" alt=\"\" width=\"150\" height=\"150\" \/><\/p><h6>NETTOYAGE ENERGETIQUE CIBLE :<\/h6><ul><li>Nettoyage des entit\u00e9s, des m\u00e9moires &lsquo;n\u00e9gatives&rsquo; et \u00e2mes d\u00e9funtes pr\u00e9sentes sur une personne<\/li><li>Nettoyage des parasites, des \u00e9nergies bloqu\u00e9es, des entit\u00e9s perturbant votre mental, vos pens\u00e9es et vos \u00e9motions<\/li><li>Nettoyage chakras et harmonisation de l&rsquo;aura<\/li><\/ul><h6>Quels sont les bienfaits d&rsquo;un accompagnement en Feng Shui \u00c9nerg\u00e9tique et \u00e9motionnel ?<\/h6><ul><li>A l&rsquo;issue du processus d&rsquo;accompagnement, les personnes se <strong>sentent lib\u00e9r\u00e9es du poids de leurs \u00e9motions, de leurs peurs, se sentent apais\u00e9es<\/strong> et disent avoir repris confiance en elles.<\/li><li>Les conditionnements et les pens\u00e9es et\/ou croyances limitantes, les sch\u00e9mas \u00e0 r\u00e9p\u00e9tition, les frustrations, les peurs et les blocages \u00e9nerg\u00e9tiques seront <strong><strong>transform\u00e9s\/transmut\u00e9s.<\/strong><\/strong><\/li><li>Le retour de la confiance en soi, de l&rsquo;estime de soi et de l&rsquo;amour de soi, l&rsquo;impression d&rsquo;avoir fait la paix avec soi-m\u00eame sont syst\u00e9matiquement mentionn\u00e9 par les personnes accompagn\u00e9es.<\/li><\/ul><p>Au plaisir de vous accompagner.<\/p><p>Avec toute ma lumi\u00e8re,<\/p><p>Avec tout mon c\u0153ur.<\/p><p>Myl\u00e8ne<\/p>\t\t\t\t\t\t\t\t<\/div>\n\t\t\t\t<\/div>\n\t\t\t\t<div class=\"elementor-element elementor-element-dd595ac elementor-button-info elementor-align-center elementor-widget elementor-widget-button\" data-id=\"dd595ac\" data-element_type=\"widget\" data-e-type=\"widget\" data-widget_type=\"button.default\">\n\t\t\t\t<div class=\"elementor-widget-container\">\n\t\t\t\t\t\t\t\t\t<div class=\"elementor-button-wrapper\">\n\t\t\t\t\t<a class=\"elementor-button elementor-button-link elementor-size-sm\" href=\"https:\/\/www.myfengshuihealing.com\/index.php\/rdv-et-contact\/\">\n\t\t\t\t\t\t<span class=\"elementor-button-content-wrapper\">\n\t\t\t\t\t\t\t\t\t<span class=\"elementor-button-text\">ME CONTACTER<\/span>\n\t\t\t\t\t<\/span>\n\t\t\t\t\t<\/a>\n\t\t\t\t<\/div>\n\t\t\t\t\t\t\t\t<\/div>\n\t\t\t\t<\/div>\n\t\t\t\t<\/div>\n\t\t<div class=\"elementor-element elementor-element-708d69e e-flex e-con-boxed e-con e-parent\" data-id=\"708d69e\" data-element_type=\"container\" data-e-type=\"container\">\n\t\t\t\t\t<div class=\"e-con-inner\">\n\t\t\t\t<div class=\"elementor-element elementor-element-9bd2431 elementor-widget elementor-widget-image\" data-id=\"9bd2431\" data-element_type=\"widget\" data-e-type=\"widget\" data-widget_type=\"image.default\">\n\t\t\t\t<div class=\"elementor-widget-container\">\n\t\t\t\t\t\t\t\t\t\t\t\t\t\t\t<img decoding=\"async\" src=\"https:\/\/www.myfengshuihealing.com\/wp-content\/uploads\/elementor\/thumbs\/mains-guerisseuses-r4ggrqdik8ax00rrjd80wusv0vewsjb1vacieqly2s.jpg\" title=\"mains guerisseuses\" alt=\"mains guerisseuses\" loading=\"lazy\" \/>\t\t\t\t\t\t\t\t\t\t\t\t\t\t\t<\/div>\n\t\t\t\t<\/div>\n\t\t\t\t\t<\/div>\n\t\t\t\t<\/div>\n\t\t<div class=\"elementor-element elementor-element-d7e30c9 e-flex e-con-boxed e-con e-parent\" data-id=\"d7e30c9\" data-element_type=\"container\" data-e-type=\"container\">\n\t\t\t\t\t<div class=\"e-con-inner\">\n\t\t\t\t\t<\/div>\n\t\t\t\t<\/div>\n\t\t\t\t<\/div>\n\t\t","protected":false},"excerpt":{"rendered":"<p>L&rsquo;ACCOMPAGNEMENT EN FENG SHUI ENERGETIQUE &amp; EMOTIONNEL\u00a0 Ce type d&rsquo;accompagnement se rapproche de l&rsquo;accompagnement en lib\u00e9ration \u00e9motionnelle mais il inclut tout l&rsquo;aspect de lib\u00e9ration \u00e9nerg\u00e9tique de la personne. Ce dernier se fait \u00e0 travers le nettoyage \u00e9nerg\u00e9tique. Tout comme le Feng shui de l&rsquo;habitat, la personne va travailler sur une probl\u00e9matique en lien avec un [&hellip;]<\/p>\n","protected":false},"author":1,"featured_media":0,"parent":0,"menu_order":0,"comment_status":"closed","ping_status":"closed","template":"","meta":{"_seopress_robots_primary_cat":"","_seopress_titles_title":"","_seopress_titles_desc":"","_seopress_robots_index":"","footnotes":""},"class_list":["post-368","page","type-page","status-publish","hentry"],"_links":{"self":[{"href":"https:\/\/www.myfengshuihealing.com\/index.php\/wp-json\/wp\/v2\/pages\/368","targetHints":{"allow":["GET"]}}],"collection":[{"href":"https:\/\/www.myfengshuihealing.com\/index.php\/wp-json\/wp\/v2\/pages"}],"about":[{"href":"https:\/\/www.myfengshuihealing.com\/index.php\/wp-json\/wp\/v2\/types\/page"}],"author":[{"embeddable":true,"href":"https:\/\/www.myfengshuihealing.com\/index.php\/wp-json\/wp\/v2\/users\/1"}],"replies":[{"embeddable":true,"href":"https:\/\/www.myfengshuihealing.com\/index.php\/wp-json\/wp\/v2\/comments?post=368"}],"version-history":[{"count":65,"href":"https:\/\/www.myfengshuihealing.com\/index.php\/wp-json\/wp\/v2\/pages\/368\/revisions"}],"predecessor-version":[{"id":1022,"href":"https:\/\/www.myfengshuihealing.com\/index.php\/wp-json\/wp\/v2\/pages\/368\/revisions\/1022"}],"wp:attachment":[{"href":"https:\/\/www.myfengshuihealing.com\/index.php\/wp-json\/wp\/v2\/media?parent=368"}],"curies":[{"name":"wp","href":"https:\/\/api.w.org\/{rel}","templated":true}]}}